{"id":31,"date":"2020-03-27T13:37:56","date_gmt":"2020-03-27T12:37:56","guid":{"rendered":"http:\/\/www.poradcipce.cz\/?page_id=31"},"modified":"2020-04-03T15:01:04","modified_gmt":"2020-04-03T13:01:04","slug":"poradenstvi","status":"publish","type":"page","link":"https:\/\/www.poradcipce.cz\/index.php\/sluzby\/poradenstvi\/","title":{"rendered":"Poradenstv\u00ed"},"content":{"rendered":"<h1>Poradenstv\u00ed<\/h1>\n<p>V sou\u010dasn\u00e9 dob\u011b doch\u00e1z\u00ed u \u0159ady podnikatelsk\u00fdch i jin\u00fdch subjekt\u016f k situac\u00edm, kter\u00e9 nemohou \u00fasp\u011b\u0161n\u011b realizovat a zvl\u00e1dnout samy bez pomoci odborn\u00edk\u016f se zku\u0161enostmi a znalostmi vy\u0161\u0161\u00edho \u0159\u00e1du ne\u017e maj\u00ed jejich vlastn\u00ed rutinn\u00ed pracovn\u00edci. Proto nab\u00edz\u00edme i dal\u0161\u00ed slu\u017eby, zejm\u00e9na poradenstv\u00ed v oblasti da\u0148ov\u00e9 a ekonomicko \u2013 pr\u00e1vn\u00ed. Da\u0148ov\u00e9 poradenstv\u00ed se t\u00fdk\u00e1 v\u0161ech dan\u00ed sou\u010dasn\u011b platn\u00e9 da\u0148ov\u00e9 soustavy v \u010cR, v\u010detn\u011b da\u0148ov\u00e9 problematiky p\u0159i pr\u00e1ci v zahrani\u010d\u00ed a p\u0159\u00edjm\u016f ze zahrani\u010d\u00ed.<\/p>\n<h2>Da\u0148ov\u00e9 poradenstv\u00ed<\/h2>\n<ul>\n<li>pr\u016fb\u011b\u017en\u00e9 da\u0148ov\u00e9 poradenstv\u00ed<\/li>\n<li>zpracov\u00e1n\u00ed da\u0148ov\u00fdch p\u0159izn\u00e1n\u00ed<\/li>\n<li>zastupov\u00e1n\u00ed klient\u016f v da\u0148ov\u00e9m \u0159\u00edzen\u00ed<\/li>\n<\/ul>\n<h2>Poradenstv\u00ed v oblasti komer\u010dn\u00edho pr\u00e1va<\/h2>\n<ul>\n<li>zakl\u00e1d\u00e1n\u00ed, p\u0159em\u011bny, f\u00faze, transformace a ru\u0161en\u00ed subjekt\u016f v\u010detn\u011b ocen\u011bn\u00ed<\/li>\n<li>operace s podnikem<\/li>\n<li>uzav\u00edr\u00e1n\u00ed smluv<\/li>\n<li>likvidace a konkurzy<\/li>\n<\/ul>\n<h2>Oce\u0148ov\u00e1n\u00ed podnik\u016f<\/h2>\n<ul>\n<li>stanoven\u00ed \u00fa\u010detn\u00ed hodnoty podnik\u016f<\/li>\n<li>tr\u017en\u00ed ocen\u011bn\u00ed podniku<\/li>\n<\/ul>\n<h2>Ostatn\u00ed \u00fa\u010detn\u00ed a pr\u00e1vn\u00ed poradenstv\u00ed<\/h2>\n<ul>\n<li>\u00fa\u010detn\u00ed poradenstv\u00ed<\/li>\n<li>aplikace mezin\u00e1rodn\u00edch \u00fa\u010detn\u00edch standard\u016f<\/li>\n<li>pracovn\u011b \u2013 pr\u00e1vn\u00ed vztahy a souvisej\u00edc\u00ed p\u0159edpisy<\/li>\n<\/ul>\n<h2>Pro pot\u0159eby \u0159\u00edzen\u00ed firmy<\/h2>\n<ul>\n<li>finan\u010dn\u00ed anal\u00fdzy a pl\u00e1ny<\/li>\n<li>zpracov\u00e1n\u00ed \u00fav\u011brov\u00fdch podklad\u016f<\/li>\n<li>kalkulace a oce\u0148ov\u00e1n\u00ed<\/li>\n<li>zav\u00e1d\u011bn\u00ed informa\u010dn\u00edch syst\u00e9m\u016f<\/li>\n<\/ul>\n<h2>Organiza\u010dn\u011b-ekonomick\u00e9 poradenstv\u00ed<\/h2>\n<ul>\n<li>vnitropodnikov\u00e9 \u00fa\u010detnictv\u00ed<\/li>\n<li>syst\u00e9m sm\u011brnic k \u0159\u00edzen\u00ed \u00fa\u010detnictv\u00ed<\/li>\n<li>organizace pr\u00e1ce \u00fa\u010dt\u00e1ren, tok doklad\u016f<\/li>\n<\/ul>\n","protected":false},"excerpt":{"rendered":"<p>Poradenstv\u00ed V sou\u010dasn\u00e9 dob\u011b doch\u00e1z\u00ed u \u0159ady podnikatelsk\u00fdch i jin\u00fdch subjekt\u016f k situac\u00edm, kter\u00e9 nemohou \u00fasp\u011b\u0161n\u011b realizovat a zvl\u00e1dnout samy bez pomoci odborn\u00edk\u016f se zku\u0161enostmi a znalostmi vy\u0161\u0161\u00edho \u0159\u00e1du ne\u017e maj\u00ed jejich vlastn\u00ed rutinn\u00ed pracovn\u00edci. Proto nab\u00edz\u00edme i dal\u0161\u00ed slu\u017eby, zejm\u00e9na poradenstv\u00ed v oblasti da\u0148ov\u00e9 a ekonomicko \u2013 pr\u00e1vn\u00ed. Da\u0148ov\u00e9 poradenstv\u00ed se t\u00fdk\u00e1 v\u0161ech dan\u00ed &#8230; <a title=\"Poradenstv\u00ed\" class=\"read-more\" href=\"https:\/\/www.poradcipce.cz\/index.php\/sluzby\/poradenstvi\/\">Read more<\/a><\/p>\n","protected":false},"author":1,"featured_media":0,"parent":52,"menu_order":0,"comment_status":"closed","ping_status":"closed","template":"","meta":{"footnotes":""},"class_list":["post-31","page","type-page","status-publish"],"_links":{"self":[{"href":"https:\/\/www.poradcipce.cz\/index.php\/wp-json\/wp\/v2\/pages\/31","targetHints":{"allow":["GET"]}}],"collection":[{"href":"https:\/\/www.poradcipce.cz\/index.php\/wp-json\/wp\/v2\/pages"}],"about":[{"href":"https:\/\/www.poradcipce.cz\/index.php\/wp-json\/wp\/v2\/types\/page"}],"author":[{"embeddable":true,"href":"https:\/\/www.poradcipce.cz\/index.php\/wp-json\/wp\/v2\/users\/1"}],"replies":[{"embeddable":true,"href":"https:\/\/www.poradcipce.cz\/index.php\/wp-json\/wp\/v2\/comments?post=31"}],"version-history":[{"count":1,"href":"https:\/\/www.poradcipce.cz\/index.php\/wp-json\/wp\/v2\/pages\/31\/revisions"}],"predecessor-version":[{"id":32,"href":"https:\/\/www.poradcipce.cz\/index.php\/wp-json\/wp\/v2\/pages\/31\/revisions\/32"}],"up":[{"embeddable":true,"href":"https:\/\/www.poradcipce.cz\/index.php\/wp-json\/wp\/v2\/pages\/52"}],"wp:attachment":[{"href":"https:\/\/www.poradcipce.cz\/index.php\/wp-json\/wp\/v2\/media?parent=31"}],"curies":[{"name":"wp","href":"https:\/\/api.w.org\/{rel}","templated":true}]}}